?
True
Does 60 divide 337199?
False
Is 541 a factor of 506376?
True
Does 212 divide 272648?
False
Is 3589232 a multiple of 9?
False
Does 73 divide 3195278?
False
Is 451629 a multiple of 441?
False
Does 527 divide 813718?
False
Does 32 divide 108736?
True
Is 678 a factor of 4086984?
True
Is 242 a factor of 155364?
True
Is 422 a factor of 766774?
True
Is 197 a factor of 1172741?
True
Is 35 a factor of 883995?
True
Is 11308 a multiple of 4?
True
Does 21 divide 141729?
True
Is 3931218 a multiple of 800?
False
Does 117 divide 2292732?
True
Does 24 divide 1466927?
False
Is 45419 a multiple of 11?
True
Is 9 a factor of 481140?
True
Is 55 a factor of 25769?
False
Is 2216245 a multiple of 7?
False
Is 33 a factor of 424083?
True
Does 3 divide 25299?
True
Does 85 divide 1077340?
False
Does 87 divide 13659?
True
Is 323796 a multiple of 44?
True
Is 11 a factor of 3822104?
True
Is 211838 a multiple of 32?
False
Is 22 a factor of 868648?
True
Does 3 divide 2995598?
False
Is 129 a factor of 14577?
True
Is 1143116 a multiple of 52?
True
Is 44 a factor of 703550?
False
Is 167614 a multiple of 43?
True
Does 227 divide 7125454?
False
Does 8 divide 499880?
True
Does 8 divide 792904?
True
Does 108 divide 136539?
False
Does 17 divide 3009?
True
Is 36 a factor of 845519?
False
Is 1336 a factor of 2328648?
True
Is 18521910 a multiple of 1765?
True
Is 14653730 a multiple of 13?
True
Is 11449863 a multiple of 10?
False
Is 605 a factor of 407947?
False
Is 16 a factor of 730368?
True
Is 12 a factor of 686460?
True
Does 9 divide 156258?
True
Is 2076896 a multiple of 365?
False
Does 32 divide 35200?
True
Does 7 divide 419349?
True
Is 6 a factor of 3060510?
True
Does 244 divide 6238179?
False
Is 9555205 a multiple of 239?
False
Does 38 divide 65042?
False
Is 18 a factor of 4956876?
True
Is 9 a factor of 120347?
False
Is 72561 a multiple of 3?
True
Is 146661 a multiple of 18?
False
Is 41650 a multiple of 35?
True
Is 5 a factor of 265960?
True
Is 158980 a multiple of 399?
False
Is 1365 a factor of 2883471?
False
Does 437 divide 67474?
False
Is 12669536 a multiple of 352?
True
Is 3097983 a multiple of 252?
False
Does 21 divide 84462?
True
Is 73744 a multiple of 52?
False
Is 147 a factor of 76929?
False
Does 426 divide 1495686?
True
Is 199188 a multiple of 503?
True
Is 58381 a multiple of 62?
False
Does 430 divide 718182?
False
Does 369 divide 5233896?
True
Is 37 a factor of 961445?
True
Is 67 a factor of 1625621?
True
Is 8 a factor of 212440?
True
Is 6378502 a multiple of 228?
False
Is 870636 a multiple of 52?
True
Is 504411 a multiple of 383?
True
Does 26 divide 2244746?
False
Is 40 a factor of 1497472?
False
Is 175 a factor of 492625?
True
Is 582826 a multiple of 5?
False
Does 8 divide 855176?
True
Is 148359 a multiple of 355?
False
Is 2061364 a multiple of 5?
False
Is 5324179 a multiple of 1288?
False
Is 1686360 a multiple of 260?
True
Is 92 a factor of 14227587?
False
Is 15 a factor of 3666937?
False
Is 30 a factor of 254141?
False
Does 458 divide 205573?
False
Is 47 a factor of 3761681?
False
Is 38 a factor of 10685438?
False
Is 383145 a multiple of 35?
True
Does 42 divide 467557?
False
Is 881739 even?
False
Is 446 a factor of 24126370?
True
Is 1449489 a multiple of 11?
False
Is 21 a factor of 431004?
True
Is 36 a factor of 232342?
False
Is 42908 a multiple of 49?
False
Is 15 a factor of 2792250?
True
Is 448 a factor of 898424?
False
Is 58 a factor of 89030?
True
Does 12 divide 49105?
False
Is 21 a factor of 987189?
True
Does 165 divide 730649?
False
Does 78 divide 69030?
True
Does 42 divide 10900244?
False
Is 23 a factor of 120106?
True
Is 34 a factor of 1423172?
True
Is 93601 a multiple of 16?
False
Does 3 divide 755287?
False
Is 64 a factor of 11923968?
True
Is 407 a factor of 166463?
True
Is 217 a factor of 518630?
True
Is 11 a factor of 6593?
False
Does 16 divide 496464?
True
Is 155648 a multiple of 40?
False
Is 184 a factor of 117760?
True
Does 169 divide 2578162?
False
Is 2514957 a multiple of 109?
True
Is 173 a factor of 811370?
True
Is 11709829 a multiple of 66?
False
Does 15 divide 8259?
False
Is 30 a factor of 5575806?
False
Is 9 a factor of 976734?
True
Does 14 divide 507365?
False
Is 135985 a multiple of 189?
False
Is 3 a factor of 67983?
True
Is 18148028 a multiple of 115?
False
Is 1738170 a multiple of 630?
True
Does 265 divide 1119095?
True
Is 23898 a multiple of 3?
True
Does 8 divide 919591?
False
Is 4 a factor of 3116272?
True
Is 9 a factor of 17691174?
True
Is 49 a factor of 535080?
True
Is 2237706 a multiple of 81?
True
Is 23 a factor of 5117848?
False
Is 230461 a multiple of 511?
True
Is 24216 a multiple of 6?
True
Is 25 a factor of 31675?
True
Does 166 divide 375160?
True
Is 399977 a multiple of 53?
False
Is 5735684 a multiple of 469?
False
Is 285824 a multiple of 154?
True
Does 18 divide 46494?
True
Is 1694935 a multiple of 106?
False
Is 826845 a multiple of 8?
False
Is 43 a factor of 25483?
False
Is 450642 a multiple of 118?
True
Is 3 a factor of 1291018?
False
Is 110952 a multiple of 6?
True
Is 1572177 a multiple of 753?
False
Is 74707 a multiple of 13?
False
Is 105 a factor of 463859?
False
Is 33 a factor of 1341219?
True
Is 404 a factor of 1812541?
False
Is 11 a factor of 227153?
False
Does 22 divide 357654?
True
Is 205 a factor of 288813?
False
Is 24 a factor of 13612773?
False
Is 12 a factor of 794760?
True
Does 8 divide 417287?
False
Is 430 a factor of 5329803?
False
Does 18 divide 3283002?
True
Does 9 divide 84465?
True
Is 252 a factor of 129024?
True
Is 163158 a multiple of 163?
False
Is 21 a factor of 102690?
True
Is 15 a factor of 77627?
False
Does 5 divide 2525963?
False
Does 210 divide 1572618?
False
Does 6 divide 52909?
False
Does 48 divide 111718?
False
Is 10 a factor of 131130?
True
Is 986346 a multiple of 333?
True
Is 209 a factor of 367004?
True
Is 18088 a multiple of 136?
True
Is 45901 a multiple of 3?
False
Is 88 a factor of 2032536?
True
Is 9 a factor of 68283?
True
Does 34 divide 2004742?
True
Is 917135 a multiple of 36?
False
Is 17 a factor of 377162?
True
Does 2 divide 36337?
False
Is 8076158 a multiple of 24?
False
Is 31 a factor of 266383?
True
Does 10 divide 66351?
False
Is 196230 a multiple of 211?
True
Does 10 divide 1258793?
False
Is 93896 a multiple of 97?
True
Is 560 a factor of 10927280?
True
Does 37 divide 341066?
True
Is 824 a factor of 20467336?
True
Does 1504 divide 8777344?
True
Is 80976 a multiple of 56?
True
Does 39 divide 89388?
True
Does 123 divide 26450656?
False
Does 14 divide 479826?
False
Is 1397205 a multiple of 191?
False
Is 637589 a multiple of 34?
False
Is 54288 a multiple of 16?
True
Does 445 divide 242768?
False
Is 75 a factor of 113400?
True
Is 8 a factor of 203557?
False
Is 88 a factor of 1597552?
True
Does 16 divide 285648?
True
Is 50550 a multiple of 17?
False
Is 1062090 a multiple of 18?
True
Does 359 divide 4071088?
False
Is 1156 a factor of 6382958?
False
Is 1857147 a multiple of 653?
False
Is 4080972 a multiple of 266?
True
Is 30475 a multiple of 53?
True
Is 26600 even?
True
Does 35 divide 3239770?
False
Is 15 a factor of 85440?
True
Does 19 divide 301435?
True
Is 24 a factor of 15592331?
False
Does 236 divide 1048784?
True
Is 4259251 a multiple of 184?
False
Is 7 a factor of 284913?
False
Does 19 divide 147041?
True
Does 83 divide 262627?
False
Is 85 a factor of 1310870?
True
Is 854340 a multiple of 20?
True
Does 1191 divide 11586048?
True
Does 70 divide 91000?
True
Is 705813 a multiple of 2?
False
Is 9667850 a multiple of 1081?
False
Does 12 divide 528588?
True
Is 53848 a multiple of 53?
True
Does 513 divide 11237433?
False
Does 140 divide 522340?
True
Is 131158 even?
True
Does 198 divide 138331?
False
Is 18772996 a multiple of 1289?
True
Is 12 a factor of 2266764?
True
Is 36 a factor of 204120?
True
Does 18 divide 608383?
False
Does 11 divide 1863983?
True
Is 1863897 a multiple of 23?
True
Is 33 a factor of 2572376?
False
Is 496596 a multiple of 29?
True
Does 4 divide 138082?
False
Is 67109 a multiple of 5?
False
Is 6 a factor of 1091448?
True
Is 2104668 a multiple of 323?
True
Is 161 a factor of 125491?
False
Is 83 a factor of 4456934?
True
Does 178 divide 54646?
True
Does 6 divide 271488?
True
Is 165 a factor of 168297?
False
Is 5723987 a multiple of 84?
False
Is 28282 a multiple o